{"id":3572,"date":"2023-05-20T22:33:20","date_gmt":"2023-05-20T20:33:20","guid":{"rendered":"http:\/\/zsp5.zory.pl\/?post_type=project&#038;p=3572"},"modified":"2023-09-11T22:34:35","modified_gmt":"2023-09-11T20:34:35","slug":"stopsmile","status":"publish","type":"project","link":"https:\/\/zsp5.zory.pl\/?project=stopsmile","title":{"rendered":"Stop&amp;Smile"},"content":{"rendered":"\n<p>Stop&amp;Smile to projekt, kt\u00f3ry zosta\u0142 napisany przez pani\u0105 dyrektor Renat\u0119 Ga\u0142u\u017cn\u0105, a doceniony przez Fundacj\u0119 JSW, dzi\u0119ki kt\u00f3rej mia\u0142 szans\u0119 ujrze\u0107 \u015bwiat\u0142o dzienne. Nasz nowy gabinet psychologiczny uwa\u017camy za otwarty. To b\u0119dzie miejsce, gdzie emocje naszych uczni\u00f3w b\u0119d\u0105 priorytetem. Teraz dzieci przedszkolne i szkolne przyt\u0142oczone stresem, l\u0119kiem czy niepokojem i te kt\u00f3re potrzebuj\u0105 wsparcia i profesjonalnego podej\u015bcia b\u0119d\u0105 mia\u0142y zapewnion\u0105 bezpieczn\u0105 przestrze\u0144 do wyra\u017cania swoich uczu\u0107 i prze\u017cy\u0107.<\/p>\n\n\n\n<p>Dzi\u0119kujemy <a href=\"https:\/\/www.facebook.com\/fundacjajsw?__cft__[0]=AZUqGiLl40WG39l96TylfGmBolBX6CkHYNqzslil7Yd7Q9yxMbxM9S3vOqs5Xe1jWjDZo2VqycVgVa2ZSnHP0vhks-LkrEiqWvne86b5vDaOr9YMN91g8X-UgXfn887tCCN7AAoOCossboPEEBpBRNMC1FCTSdbyaiAI4vx31GreKN7VVSBKSIu8-j9oi--QIlk&amp;__tn__=-]K-R\">Fundacja JSW<\/a> za darowizn\u0119 dzi\u0119ki kt\u00f3rej nasza szko\u0142a sta\u0142a si\u0119 nie tylko pi\u0119kniejsza, ale przede wszystkim lepiej doposa\u017con<\/p>\n","protected":false},"excerpt":{"rendered":"<p>Stop&amp;Smile to projekt, kt\u00f3ry zosta\u0142 napisany przez pani\u0105 dyrektor Renat\u0119 Ga\u0142u\u017cn\u0105, a doceniony przez Fundacj\u0119 JSW, dzi\u0119ki kt\u00f3rej mia\u0142 szans\u0119 ujrze\u0107 \u015bwiat\u0142o dzienne. Nasz nowy gabinet psychologiczny uwa\u017camy za otwarty. To b\u0119dzie miejsce, gdzie emocje naszych uczni\u00f3w b\u0119d\u0105 priorytetem. Teraz dzieci przedszkolne i szkolne przyt\u0142oczone stresem, l\u0119kiem czy niepokojem i te kt\u00f3re potrzebuj\u0105 wsparcia i [&hellip;]<\/p>\n","protected":false},"author":11,"featured_media":0,"comment_status":"closed","ping_status":"closed","template":"","meta":{"_et_pb_use_builder":"","_et_pb_old_content":"","_et_gb_content_width":"","footnotes":""},"project_category":[187],"project_tag":[],"class_list":["post-3572","project","type-project","status-publish","hentry","project_category-profilaktyka"],"_links":{"self":[{"href":"https:\/\/zsp5.zory.pl\/index.php?rest_route=\/wp\/v2\/project\/3572","targetHints":{"allow":["GET"]}}],"collection":[{"href":"https:\/\/zsp5.zory.pl\/index.php?rest_route=\/wp\/v2\/project"}],"about":[{"href":"https:\/\/zsp5.zory.pl\/index.php?rest_route=\/wp\/v2\/types\/project"}],"author":[{"embeddable":true,"href":"https:\/\/zsp5.zory.pl\/index.php?rest_route=\/wp\/v2\/users\/11"}],"replies":[{"embeddable":true,"href":"https:\/\/zsp5.zory.pl\/index.php?rest_route=%2Fwp%2Fv2%2Fcomments&post=3572"}],"version-history":[{"count":1,"href":"https:\/\/zsp5.zory.pl\/index.php?rest_route=\/wp\/v2\/project\/3572\/revisions"}],"predecessor-version":[{"id":3770,"href":"https:\/\/zsp5.zory.pl\/index.php?rest_route=\/wp\/v2\/project\/3572\/revisions\/3770"}],"wp:attachment":[{"href":"https:\/\/zsp5.zory.pl\/index.php?rest_route=%2Fwp%2Fv2%2Fmedia&parent=3572"}],"wp:term":[{"taxonomy":"project_category","embeddable":true,"href":"https:\/\/zsp5.zory.pl\/index.php?rest_route=%2Fwp%2Fv2%2Fproject_category&post=3572"},{"taxonomy":"project_tag","embeddable":true,"href":"https:\/\/zsp5.zory.pl\/index.php?rest_route=%2Fwp%2Fv2%2Fproject_tag&post=3572"}],"curies":[{"name":"wp","href":"https:\/\/api.w.org\/{rel}","templated":true}]}}

<p>Stop&amp;Smile to projekt, który został napisany przez panią dyrektor Renatę Gałużną, a doceniony przez Fundację JSW, dzięki której miał szansę ujrzeć światło dzienne. Nasz nowy gabinet psychologiczny uważamy za otwarty. To będzie miejsce, gdzie emocje naszych uczniów będą priorytetem. Teraz dzieci przedszkolne i szkolne przytłoczone stresem, lękiem czy niepokojem i te które potrzebują wsparcia i profesjonalnego podejścia będą miały zapewnioną bezpieczną przestrzeń do wyrażania swoich uczuć i przeżyć.</p>



<p>Dziękujemy <a href="https://www.facebook.com/fundacjajsw?__cft__[0]=AZUqGiLl40WG39l96TylfGmBolBX6CkHYNqzslil7Yd7Q9yxMbxM9S3vOqs5Xe1jWjDZo2VqycVgVa2ZSnHP0vhks-LkrEiqWvne86b5vDaOr9YMN91g8X-UgXfn887tCCN7AAoOCossboPEEBpBRNMC1FCTSdbyaiAI4vx31GreKN7VVSBKSIu8-j9oi--QIlk&amp;__tn__=-]K-R">Fundacja JSW</a> za darowiznę dzięki której nasza szkoła stała się nie tylko piękniejsza, ale przede wszystkim lepiej doposażon</p>

<p>Stop&amp;Smile to projekt, który został napisany przez panią dyrektor Renatę Gałużną, a doceniony przez Fundację JSW, dzięki której miał szansę ujrzeć światło dzienne. Nasz nowy gabinet psychologiczny uważamy za otwarty. To będzie miejsce, gdzie emocje naszych uczniów będą priorytetem. Teraz dzieci przedszkolne i szkolne przytłoczone stresem, lękiem czy niepokojem i te które potrzebują wsparcia i [&hellip;]</p>
