{"id":1086286,"date":"2025-01-05T13:51:56","date_gmt":"2025-01-05T12:51:56","guid":{"rendered":"https:\/\/zsp5.zory.pl\/?post_type=project&#038;p=1086286"},"modified":"2025-04-07T14:01:41","modified_gmt":"2025-04-07T12:01:41","slug":"miedzypokoleniowy-przekaz-tradycji","status":"publish","type":"project","link":"https:\/\/zsp5.zory.pl\/?project=miedzypokoleniowy-przekaz-tradycji","title":{"rendered":"&#8222;Mi\u0119dzypokoleniowy przekaz tradycji&#8221;"},"content":{"rendered":"<div class=\"xdj266r x11i5rnm xat24cr x1mh8g0r x1vvkbs x126k92a\">\n<div dir=\"auto\"><span style=\"color: #000000;\">INICJATYWA LOKALNA &#8222;Mi\u0119dzypokoleniowy przekaz tradycji&#8221;<\/span><\/div>\n<\/div>\n<div class=\"x11i5rnm xat24cr x1mh8g0r x1vvkbs xtlvy1s x126k92a\">\n<div dir=\"auto\"><span style=\"color: #000000;\">\u015awietlica szkolna ZSP-5 \u017bory-Baranowice serdecznie zaprasza do rodzinnych zapis\u00f3w! Zapominane umiej\u0119tno\u015bci, takie jak wyszywanie, robienie przetwor\u00f3w czy szycie r\u0119czne b\u0119d\u0105 przekazywane w ramach bezp\u0142atnych warsztat\u00f3w. Zaj\u0119cia poprowadz\u0105 panie z KGW Baranowice.<\/span><\/div>\n<div dir=\"auto\"><span style=\"color: #000000;\">Wieczory s\u0105 d\u0142ugie, a takie zaj\u0119cie to \u0142\u0105czenie przyjemnego z po\u017cytecznym\u00a0<\/span><\/div>\n<\/div>\n<div class=\"x11i5rnm xat24cr x1mh8g0r x1vvkbs xtlvy1s x126k92a\">\n<ul>\n<li dir=\"auto\"><span style=\"color: #000000;\">15.01.2025 r. godz. 16:00 wyszywanie, haft<\/span><\/li>\n<li dir=\"auto\"><span style=\"color: #000000;\">22.01.2025 r. godz. 16:00 robienie przetwor\u00f3w<\/span><\/li>\n<li dir=\"auto\"><span style=\"color: #000000;\">29.01.2025 r. godz. 16:00 szycie maskotki<\/span><\/li>\n<\/ul>\n<\/div>\n<div class=\"x11i5rnm xat24cr x1mh8g0r x1vvkbs xtlvy1s x126k92a\">\n<div dir=\"auto\"><span style=\"color: #000000;\">Zapisy: 791 568 906<\/span><\/div>\n<\/div>\n<div class=\"x11i5rnm xat24cr x1mh8g0r x1vvkbs xtlvy1s x126k92a\">\n<div dir=\"auto\"><span style=\"color: #000000;\">Inicjatywa jest realizowana dzi\u0119ki \u015brodkom Unii Europejskiej w ramach projektu &#8222;Aktywne, zintegrowane spo\u0142ecze\u0144stwo &#8211; kompleksowe dzia\u0142ania na rzecz wzmocnienia procesu sprawiedliwej transformacji w mie\u015bcie \u017bory&#8221;. Fundusz na rzecz Sprawiedliwej Transformacji w ramach Priorytetu: FESL.10.00 &#8211; Fundusze Europejskie na transformacj\u0119, dla Dzia\u0142ania: FESL.10.24 &#8211; W\u0142\u0105czenie spo\u0142eczne &#8211; wzmocnienie procesu sprawiedliwej transformacji.<\/span><\/div>\n<div dir=\"auto\"><img loading=\"lazy\" decoding=\"async\" class=\"alignnone size-full wp-image-1086273\" src=\"http:\/\/zsp5.zory.pl\/wp-content\/uploads\/2025\/04\/FE-SL-kolor-poziom-br-do-internetu.png\" alt=\"\" width=\"2016\" height=\"213\" srcset=\"http:\/\/zsp5.zory.pl\/wp-content\/uploads\/2025\/04\/FE-SL-kolor-poziom-br-do-internetu.png 2016w, http:\/\/zsp5.zory.pl\/wp-content\/uploads\/2025\/04\/FE-SL-kolor-poziom-br-do-internetu-1280x135.png 1280w, http:\/\/zsp5.zory.pl\/wp-content\/uploads\/2025\/04\/FE-SL-kolor-poziom-br-do-internetu-980x104.png 980w, http:\/\/zsp5.zory.pl\/wp-content\/uploads\/2025\/04\/FE-SL-kolor-poziom-br-do-internetu-480x51.png 480w\" sizes=\"(min-width: 0px) and (max-width: 480px) 480px, (min-width: 481px) and (max-width: 980px) 980px, (min-width: 981px) and (max-width: 1280px) 1280px, (min-width: 1281px) 2016px, 100vw\" \/><\/div>\n<div dir=\"auto\"><\/div>\n<\/div>\n","protected":false},"excerpt":{"rendered":"<p>INICJATYWA LOKALNA &#8222;Mi\u0119dzypokoleniowy przekaz tradycji&#8221; \u015awietlica szkolna ZSP-5 \u017bory-Baranowice serdecznie zaprasza do rodzinnych zapis\u00f3w! Zapominane umiej\u0119tno\u015bci, takie jak wyszywanie, robienie przetwor\u00f3w czy szycie r\u0119czne b\u0119d\u0105 przekazywane w ramach bezp\u0142atnych warsztat\u00f3w. Zaj\u0119cia poprowadz\u0105 panie z KGW Baranowice. Wieczory s\u0105 d\u0142ugie, a takie zaj\u0119cie to \u0142\u0105czenie przyjemnego z po\u017cytecznym\u00a0 15.01.2025 r. godz. 16:00 wyszywanie, haft 22.01.2025 r. [&hellip;]<\/p>\n","protected":false},"author":11,"featured_media":0,"comment_status":"closed","ping_status":"closed","template":"","meta":{"_et_pb_use_builder":"","_et_pb_old_content":"","_et_gb_content_width":"","footnotes":""},"project_category":[545],"project_tag":[],"class_list":["post-1086286","project","type-project","status-publish","hentry","project_category-pod-skrzydlami-jastrzebia"],"_links":{"self":[{"href":"https:\/\/zsp5.zory.pl\/index.php?rest_route=\/wp\/v2\/project\/1086286","targetHints":{"allow":["GET"]}}],"collection":[{"href":"https:\/\/zsp5.zory.pl\/index.php?rest_route=\/wp\/v2\/project"}],"about":[{"href":"https:\/\/zsp5.zory.pl\/index.php?rest_route=\/wp\/v2\/types\/project"}],"author":[{"embeddable":true,"href":"https:\/\/zsp5.zory.pl\/index.php?rest_route=\/wp\/v2\/users\/11"}],"replies":[{"embeddable":true,"href":"https:\/\/zsp5.zory.pl\/index.php?rest_route=%2Fwp%2Fv2%2Fcomments&post=1086286"}],"version-history":[{"count":1,"href":"https:\/\/zsp5.zory.pl\/index.php?rest_route=\/wp\/v2\/project\/1086286\/revisions"}],"predecessor-version":[{"id":1086287,"href":"https:\/\/zsp5.zory.pl\/index.php?rest_route=\/wp\/v2\/project\/1086286\/revisions\/1086287"}],"wp:attachment":[{"href":"https:\/\/zsp5.zory.pl\/index.php?rest_route=%2Fwp%2Fv2%2Fmedia&parent=1086286"}],"wp:term":[{"taxonomy":"project_category","embeddable":true,"href":"https:\/\/zsp5.zory.pl\/index.php?rest_route=%2Fwp%2Fv2%2Fproject_category&post=1086286"},{"taxonomy":"project_tag","embeddable":true,"href":"https:\/\/zsp5.zory.pl\/index.php?rest_route=%2Fwp%2Fv2%2Fproject_tag&post=1086286"}],"curies":[{"name":"wp","href":"https:\/\/api.w.org\/{rel}","templated":true}]}}

&#8222;Międzypokoleniowy przekaz tradycji&#8221;

<div class="xdj266r x11i5rnm xat24cr x1mh8g0r x1vvkbs x126k92a">
<div dir="auto"><span style="color: #000000;">INICJATYWA LOKALNA &#8222;Międzypokoleniowy przekaz tradycji&#8221;</span></div>
</div>
<div class="x11i5rnm xat24cr x1mh8g0r x1vvkbs xtlvy1s x126k92a">
<div dir="auto"><span style="color: #000000;">Świetlica szkolna ZSP-5 Żory-Baranowice serdecznie zaprasza do rodzinnych zapisów! Zapominane umiejętności, takie jak wyszywanie, robienie przetworów czy szycie ręczne będą przekazywane w ramach bezpłatnych warsztatów. Zajęcia poprowadzą panie z KGW Baranowice.</span></div>
<div dir="auto"><span style="color: #000000;">Wieczory są długie, a takie zajęcie to łączenie przyjemnego z pożytecznym </span></div>
</div>
<div class="x11i5rnm xat24cr x1mh8g0r x1vvkbs xtlvy1s x126k92a">
<ul>
<li dir="auto"><span style="color: #000000;">15.01.2025 r. godz. 16:00 wyszywanie, haft</span></li>
<li dir="auto"><span style="color: #000000;">22.01.2025 r. godz. 16:00 robienie przetworów</span></li>
<li dir="auto"><span style="color: #000000;">29.01.2025 r. godz. 16:00 szycie maskotki</span></li>
</ul>
</div>
<div class="x11i5rnm xat24cr x1mh8g0r x1vvkbs xtlvy1s x126k92a">
<div dir="auto"><span style="color: #000000;">Zapisy: 791 568 906</span></div>
</div>
<div class="x11i5rnm xat24cr x1mh8g0r x1vvkbs xtlvy1s x126k92a">
<div dir="auto"><span style="color: #000000;">Inicjatywa jest realizowana dzięki środkom Unii Europejskiej w ramach projektu &#8222;Aktywne, zintegrowane społeczeństwo &#8211; kompleksowe działania na rzecz wzmocnienia procesu sprawiedliwej transformacji w mieście Żory&#8221;. Fundusz na rzecz Sprawiedliwej Transformacji w ramach Priorytetu: FESL.10.00 &#8211; Fundusze Europejskie na transformację, dla Działania: FESL.10.24 &#8211; Włączenie społeczne &#8211; wzmocnienie procesu sprawiedliwej transformacji.</span></div>
<div dir="auto"><img loading="lazy" decoding="async" class="alignnone size-full wp-image-1086273" src="http://zsp5.zory.pl/wp-content/uploads/2025/04/FE-SL-kolor-poziom-br-do-internetu.png" alt="" width="2016" height="213" srcset="http://zsp5.zory.pl/wp-content/uploads/2025/04/FE-SL-kolor-poziom-br-do-internetu.png 2016w, http://zsp5.zory.pl/wp-content/uploads/2025/04/FE-SL-kolor-poziom-br-do-internetu-1280x135.png 1280w, http://zsp5.zory.pl/wp-content/uploads/2025/04/FE-SL-kolor-poziom-br-do-internetu-980x104.png 980w, http://zsp5.zory.pl/wp-content/uploads/2025/04/FE-SL-kolor-poziom-br-do-internetu-480x51.png 480w" sizes="(min-width: 0px) and (max-width: 480px) 480px, (min-width: 481px) and (max-width: 980px) 980px, (min-width: 981px) and (max-width: 1280px) 1280px, (min-width: 1281px) 2016px, 100vw" /></div>
<div dir="auto"></div>
</div>

<p>INICJATYWA LOKALNA &#8222;Międzypokoleniowy przekaz tradycji&#8221; Świetlica szkolna ZSP-5 Żory-Baranowice serdecznie zaprasza do rodzinnych zapisów! Zapominane umiejętności, takie jak wyszywanie, robienie przetworów czy szycie ręczne będą przekazywane w ramach bezpłatnych warsztatów. Zajęcia poprowadzą panie z KGW Baranowice. Wieczory są długie, a takie zajęcie to łączenie przyjemnego z pożytecznym  15.01.2025 r. godz. 16:00 wyszywanie, haft 22.01.2025 r. [&hellip;]</p>
