{"id":1086108,"date":"2025-02-13T20:34:29","date_gmt":"2025-02-13T19:34:29","guid":{"rendered":"https:\/\/zsp5.zory.pl\/?post_type=project&#038;p=1086108"},"modified":"2025-02-13T20:35:11","modified_gmt":"2025-02-13T19:35:11","slug":"pozytywna-uwaga","status":"publish","type":"project","link":"https:\/\/zsp5.zory.pl\/?project=pozytywna-uwaga","title":{"rendered":"Pozytywna uwaga"},"content":{"rendered":"<div class=\"aju\"><strong style=\"color: #000000;\">Koordynator<\/strong><span style=\"color: #000000;\">: Katarzyna Buczek, pomoc: Beata Widenka i Samorz\u0105d Uczniowski<\/span><\/div>\n<div class=\"gs\">\n<div id=\":te\">\n<div><span style=\"color: #000000;\"><strong>Organizator akcji:<\/strong> Rodzice uczni\u00f3w Szko\u0142y Podstawowej nr 52 w Warszawie, inicjatork\u0105 jest Anna Zapa\u0142.<br \/>\n<\/span><strong style=\"color: #000000;\">Adresaci:<\/strong><span style=\"color: #000000;\"> Akcja skierowana jest do nauczycieli, uczni\u00f3w i rodzic\u00f3w.<br \/>\n<\/span><strong style=\"color: #000000;\">Cel:<\/strong><span style=\"color: #000000;\">\u00a0Zach\u0119cenie nauczycieli do wpisywania pozytywnych uwag w dzienniczkach uczni\u00f3w, aby wzmocni\u0107 ich samoocen\u0119 i poczucie w\u0142asnej warto\u015bci. Akcja ma tak\u017ce na celu promowanie kultury doceniania i wzajemnego wsparcia w szko\u0142ach.<\/span><\/div>\n<div>\n<div id=\"attachment_1086109\" style=\"width: 160px\" class=\"wp-caption alignnone\"><img loading=\"lazy\" decoding=\"async\" aria-describedby=\"caption-attachment-1086109\" class=\"size-full wp-image-1086109\" src=\"http:\/\/zsp5.zory.pl\/wp-content\/uploads\/2025\/02\/logo-akcji-Pozytywna-uwaga.png\" alt=\"\" width=\"150\" height=\"150\" \/><p id=\"caption-attachment-1086109\" class=\"wp-caption-text\">Logo akcji Pozytywna uwaga<\/p><\/div>\n<\/div>\n<\/div>\n<\/div>\n","protected":false},"excerpt":{"rendered":"<p>Koordynator: Katarzyna Buczek, pomoc: Beata Widenka i Samorz\u0105d Uczniowski Organizator akcji: Rodzice uczni\u00f3w Szko\u0142y Podstawowej nr 52 w Warszawie, inicjatork\u0105 jest Anna Zapa\u0142. Adresaci: Akcja skierowana jest do nauczycieli, uczni\u00f3w i rodzic\u00f3w. Cel:\u00a0Zach\u0119cenie nauczycieli do wpisywania pozytywnych uwag w dzienniczkach uczni\u00f3w, aby wzmocni\u0107 ich samoocen\u0119 i poczucie w\u0142asnej warto\u015bci. Akcja ma tak\u017ce na celu promowanie [&hellip;]<\/p>\n","protected":false},"author":11,"featured_media":0,"comment_status":"closed","ping_status":"closed","template":"","meta":{"_et_pb_use_builder":"","_et_pb_old_content":"","_et_gb_content_width":"","footnotes":""},"project_category":[187],"project_tag":[],"class_list":["post-1086108","project","type-project","status-publish","hentry","project_category-profilaktyka"],"_links":{"self":[{"href":"https:\/\/zsp5.zory.pl\/index.php?rest_route=\/wp\/v2\/project\/1086108","targetHints":{"allow":["GET"]}}],"collection":[{"href":"https:\/\/zsp5.zory.pl\/index.php?rest_route=\/wp\/v2\/project"}],"about":[{"href":"https:\/\/zsp5.zory.pl\/index.php?rest_route=\/wp\/v2\/types\/project"}],"author":[{"embeddable":true,"href":"https:\/\/zsp5.zory.pl\/index.php?rest_route=\/wp\/v2\/users\/11"}],"replies":[{"embeddable":true,"href":"https:\/\/zsp5.zory.pl\/index.php?rest_route=%2Fwp%2Fv2%2Fcomments&post=1086108"}],"version-history":[{"count":2,"href":"https:\/\/zsp5.zory.pl\/index.php?rest_route=\/wp\/v2\/project\/1086108\/revisions"}],"predecessor-version":[{"id":1086111,"href":"https:\/\/zsp5.zory.pl\/index.php?rest_route=\/wp\/v2\/project\/1086108\/revisions\/1086111"}],"wp:attachment":[{"href":"https:\/\/zsp5.zory.pl\/index.php?rest_route=%2Fwp%2Fv2%2Fmedia&parent=1086108"}],"wp:term":[{"taxonomy":"project_category","embeddable":true,"href":"https:\/\/zsp5.zory.pl\/index.php?rest_route=%2Fwp%2Fv2%2Fproject_category&post=1086108"},{"taxonomy":"project_tag","embeddable":true,"href":"https:\/\/zsp5.zory.pl\/index.php?rest_route=%2Fwp%2Fv2%2Fproject_tag&post=1086108"}],"curies":[{"name":"wp","href":"https:\/\/api.w.org\/{rel}","templated":true}]}}

<div class="aju"><strong style="color: #000000;">Koordynator</strong><span style="color: #000000;">: Katarzyna Buczek, pomoc: Beata Widenka i Samorząd Uczniowski</span></div>
<div class="gs">
<div id=":te">
<div><span style="color: #000000;"><strong>Organizator akcji:</strong> Rodzice uczniów Szkoły Podstawowej nr 52 w Warszawie, inicjatorką jest Anna Zapał.<br />
</span><strong style="color: #000000;">Adresaci:</strong><span style="color: #000000;"> Akcja skierowana jest do nauczycieli, uczniów i rodziców.<br />
</span><strong style="color: #000000;">Cel:</strong><span style="color: #000000;"> Zachęcenie nauczycieli do wpisywania pozytywnych uwag w dzienniczkach uczniów, aby wzmocnić ich samoocenę i poczucie własnej wartości. Akcja ma także na celu promowanie kultury doceniania i wzajemnego wsparcia w szkołach.</span></div>
<div>
<div id="attachment_1086109" style="width: 160px" class="wp-caption alignnone"><img loading="lazy" decoding="async" aria-describedby="caption-attachment-1086109" class="size-full wp-image-1086109" src="http://zsp5.zory.pl/wp-content/uploads/2025/02/logo-akcji-Pozytywna-uwaga.png" alt="" width="150" height="150" /><p id="caption-attachment-1086109" class="wp-caption-text">Logo akcji Pozytywna uwaga</p></div>
</div>
</div>
</div>

<p>Koordynator: Katarzyna Buczek, pomoc: Beata Widenka i Samorząd Uczniowski Organizator akcji: Rodzice uczniów Szkoły Podstawowej nr 52 w Warszawie, inicjatorką jest Anna Zapał. Adresaci: Akcja skierowana jest do nauczycieli, uczniów i rodziców. Cel: Zachęcenie nauczycieli do wpisywania pozytywnych uwag w dzienniczkach uczniów, aby wzmocnić ich samoocenę i poczucie własnej wartości. Akcja ma także na celu promowanie [&hellip;]</p>
