{"id":1085521,"date":"2024-05-30T11:16:22","date_gmt":"2024-05-30T09:16:22","guid":{"rendered":"https:\/\/zsp5.zory.pl\/?post_type=project&#038;p=1085521"},"modified":"2024-10-03T11:17:53","modified_gmt":"2024-10-03T09:17:53","slug":"narodowy-program-rozwoju-czytelnictwa-2-0-na-lata-2021-2025-2","status":"publish","type":"project","link":"https:\/\/zsp5.zory.pl\/?project=narodowy-program-rozwoju-czytelnictwa-2-0-na-lata-2021-2025-2","title":{"rendered":"Narodowy Program Rozwoju Czytelnictwa 2.0. na lata 2021 \u2013 2025"},"content":{"rendered":"<h4><img loading=\"lazy\" decoding=\"async\" class=\"alignnone size-medium wp-image-1085488 aligncenter\" src=\"http:\/\/zsp5.zory.pl\/wp-content\/uploads\/2024\/09\/nprcz-logotyp-podstawowy-rgb-300x171.jpg\" alt=\"\" width=\"300\" height=\"171\" \/><\/h4>\n<h4>Z ogromn\u0105 rado\u015bci\u0105 informujemy, i\u017c nasze przedszkole znalaz\u0142o si\u0119 na li\u015bcie plac\u00f3wek, kt\u00f3rym zosta\u0142o przyznane wsparcie\u00a0 <em>w\u00a0ramach Priorytetu 3\u00a0 \u201eZakup nowo\u015bci wydawniczych do plac\u00f3wek wychowania przedszkolnego, bibliotek szkolnych i pedagogicznych Narodowego Programu Rozwoju Czytelnictwa 2.0. na lata 2021 \u2013 2025\u201d \u2013 edycja 2024.<\/em> w wysoko\u015bci 3000 z\u0142.<\/h4>\n<h4>W ramach planowanych przez przedszkole dzia\u0142a\u0144, kt\u00f3re promuj\u0105 i wspieraj\u0105 rozw\u00f3j czytelnictwa w 2024r. w\u015br\u00f3d dzieci i rodzic\u00f3w zaplanowano mi\u0119dzy innymi udzia\u0142 w konkursach, projektach, akcjach, spotkaniu autorskim. Dzia\u0142ania te b\u0119d\u0105 odbywa\u0107 si\u0119 na terenie przedszkola przy udziale spo\u0142eczno\u015bci lokalnej i Miejskiej Biblioteki Publicznej w \u017borach. Najwi\u0119ksza suma dofinansowania przeznaczona zostanie na zakup nowo\u015bci wydawniczych.<\/h4>\n<table style=\"height: 254px;\" width=\"1308\">\n<tbody>\n<tr>\n<td width=\"234\">\n<h4 style=\"text-align: center;\">Kwota wsparcia finansowego ze \u015brodk\u00f3w bud\u017cetu pa\u0144stwa przypisanych do\u00a0<em>Priorytetu 3 \u201eNarodowego Programu Rozwoju Czytelnictwa 2.0 na lata 2021-2025\u201dKierunek interwencji 3.1.<\/em><\/h4>\n<\/td>\n<td style=\"text-align: center;\" width=\"230\">\n<h4>Wysoko\u015b\u0107 finansowego wk\u0142adu w\u0142asnego organu prowadz\u0105cego w z\u0142.<\/h4>\n<\/td>\n<td style=\"text-align: center;\" width=\"160\">\n<h4>Ca\u0142kowity koszt realizacji zadania w z\u0142.<\/h4>\n<\/td>\n<\/tr>\n<tr>\n<td style=\"text-align: center;\" width=\"234\">\n<h4>3 000,00 z\u0142.<\/h4>\n<\/td>\n<td style=\"text-align: center;\" width=\"230\">\n<h4>750,00 z\u0142.<\/h4>\n<\/td>\n<td width=\"160\">\n<h4 style=\"text-align: center;\">3 750,00 z\u0142.<\/h4>\n<\/td>\n<\/tr>\n<\/tbody>\n<\/table>\n","protected":false},"excerpt":{"rendered":"<p>Z ogromn\u0105 rado\u015bci\u0105 informujemy, i\u017c nasze przedszkole znalaz\u0142o si\u0119 na li\u015bcie plac\u00f3wek, kt\u00f3rym zosta\u0142o przyznane wsparcie\u00a0 w\u00a0ramach Priorytetu 3\u00a0 \u201eZakup nowo\u015bci wydawniczych do plac\u00f3wek wychowania przedszkolnego, bibliotek szkolnych i pedagogicznych Narodowego Programu Rozwoju Czytelnictwa 2.0. na lata 2021 \u2013 2025\u201d \u2013 edycja 2024. w wysoko\u015bci 3000 z\u0142. W ramach planowanych przez przedszkole dzia\u0142a\u0144, kt\u00f3re promuj\u0105 [&hellip;]<\/p>\n","protected":false},"author":11,"featured_media":0,"comment_status":"closed","ping_status":"closed","template":"","meta":{"_et_pb_use_builder":"","_et_pb_old_content":"","_et_gb_content_width":"","footnotes":""},"project_category":[],"project_tag":[],"class_list":["post-1085521","project","type-project","status-publish","hentry"],"_links":{"self":[{"href":"https:\/\/zsp5.zory.pl\/index.php?rest_route=\/wp\/v2\/project\/1085521","targetHints":{"allow":["GET"]}}],"collection":[{"href":"https:\/\/zsp5.zory.pl\/index.php?rest_route=\/wp\/v2\/project"}],"about":[{"href":"https:\/\/zsp5.zory.pl\/index.php?rest_route=\/wp\/v2\/types\/project"}],"author":[{"embeddable":true,"href":"https:\/\/zsp5.zory.pl\/index.php?rest_route=\/wp\/v2\/users\/11"}],"replies":[{"embeddable":true,"href":"https:\/\/zsp5.zory.pl\/index.php?rest_route=%2Fwp%2Fv2%2Fcomments&post=1085521"}],"version-history":[{"count":1,"href":"https:\/\/zsp5.zory.pl\/index.php?rest_route=\/wp\/v2\/project\/1085521\/revisions"}],"predecessor-version":[{"id":1085522,"href":"https:\/\/zsp5.zory.pl\/index.php?rest_route=\/wp\/v2\/project\/1085521\/revisions\/1085522"}],"wp:attachment":[{"href":"https:\/\/zsp5.zory.pl\/index.php?rest_route=%2Fwp%2Fv2%2Fmedia&parent=1085521"}],"wp:term":[{"taxonomy":"project_category","embeddable":true,"href":"https:\/\/zsp5.zory.pl\/index.php?rest_route=%2Fwp%2Fv2%2Fproject_category&post=1085521"},{"taxonomy":"project_tag","embeddable":true,"href":"https:\/\/zsp5.zory.pl\/index.php?rest_route=%2Fwp%2Fv2%2Fproject_tag&post=1085521"}],"curies":[{"name":"wp","href":"https:\/\/api.w.org\/{rel}","templated":true}]}}

<h4><img loading="lazy" decoding="async" class="alignnone size-medium wp-image-1085488 aligncenter" src="http://zsp5.zory.pl/wp-content/uploads/2024/09/nprcz-logotyp-podstawowy-rgb-300x171.jpg" alt="" width="300" height="171" /></h4>
<h4>Z ogromną radością informujemy, iż nasze przedszkole znalazło się na liście placówek, którym zostało przyznane wsparcie  <em>w ramach Priorytetu 3  „Zakup nowości wydawniczych do placówek wychowania przedszkolnego, bibliotek szkolnych i pedagogicznych Narodowego Programu Rozwoju Czytelnictwa 2.0. na lata 2021 – 2025” – edycja 2024.</em> w wysokości 3000 zł.</h4>
<h4>W ramach planowanych przez przedszkole działań, które promują i wspierają rozwój czytelnictwa w 2024r. wśród dzieci i rodziców zaplanowano między innymi udział w konkursach, projektach, akcjach, spotkaniu autorskim. Działania te będą odbywać się na terenie przedszkola przy udziale społeczności lokalnej i Miejskiej Biblioteki Publicznej w Żorach. Największa suma dofinansowania przeznaczona zostanie na zakup nowości wydawniczych.</h4>
<table style="height: 254px;" width="1308">
<tbody>
<tr>
<td width="234">
<h4 style="text-align: center;">Kwota wsparcia finansowego ze środków budżetu państwa przypisanych do <em>Priorytetu 3 „Narodowego Programu Rozwoju Czytelnictwa 2.0 na lata 2021-2025”Kierunek interwencji 3.1.</em></h4>
</td>
<td style="text-align: center;" width="230">
<h4>Wysokość finansowego wkładu własnego organu prowadzącego w zł.</h4>
</td>
<td style="text-align: center;" width="160">
<h4>Całkowity koszt realizacji zadania w zł.</h4>
</td>
</tr>
<tr>
<td style="text-align: center;" width="234">
<h4>3 000,00 zł.</h4>
</td>
<td style="text-align: center;" width="230">
<h4>750,00 zł.</h4>
</td>
<td width="160">
<h4 style="text-align: center;">3 750,00 zł.</h4>
</td>
</tr>
</tbody>
</table>

<p>Z ogromną radością informujemy, iż nasze przedszkole znalazło się na liście placówek, którym zostało przyznane wsparcie  w ramach Priorytetu 3  „Zakup nowości wydawniczych do placówek wychowania przedszkolnego, bibliotek szkolnych i pedagogicznych Narodowego Programu Rozwoju Czytelnictwa 2.0. na lata 2021 – 2025” – edycja 2024. w wysokości 3000 zł. W ramach planowanych przez przedszkole działań, które promują [&hellip;]</p>
