{"id":430,"date":"2021-08-06T18:04:49","date_gmt":"2021-08-06T16:04:49","guid":{"rendered":"http:\/\/185.242.132.144\/?page_id=430"},"modified":"2025-10-27T13:12:28","modified_gmt":"2025-10-27T12:12:28","slug":"rada-rodzicow","status":"publish","type":"page","link":"https:\/\/zsp5.zory.pl\/?page_id=430","title":{"rendered":"Rada Rodzic\u00f3w"},"content":{"rendered":"<p>[et_pb_section fb_built=&#8221;1&#8243; admin_label=&#8221;Our Mission&#8221; _builder_version=&#8221;4.16&#8243; use_background_color_gradient=&#8221;on&#8221; background_color_gradient_stops=&#8221;rgba(233,239,243,0) 0%|#e9eff3 100%&#8221; background_color_gradient_start=&#8221;rgba(233,239,243,0)&#8221; background_color_gradient_end=&#8221;#e9eff3&#8243; background_image=&#8221;http:\/\/zsp5.zory.pl\/wp-content\/uploads\/2021\/11\/shapes-bg-color.png&#8221; parallax=&#8221;on&#8221; custom_padding=&#8221;54px|0px|32px|0px|false|false&#8221; global_colors_info=&#8221;{}&#8221;][et_pb_row admin_label=&#8221;Mission Row&#8221; _builder_version=&#8221;4.16&#8243; locked=&#8221;off&#8221; global_colors_info=&#8221;{}&#8221;][et_pb_column type=&#8221;4_4&#8243; _builder_version=&#8221;4.16&#8243; custom_padding=&#8221;|||&#8221; global_colors_info=&#8221;{}&#8221; custom_padding__hover=&#8221;|||&#8221;][et_pb_blurb title=&#8221;uwaga&#8221; use_icon=&#8221;on&#8221; font_icon=&#8221;&#xf0c0;||fa||900&#8243; icon_color=&#8221;#2b76df&#8221; image_icon_width=&#8221;32px&#8221; _builder_version=&#8221;4.16&#8243; header_font=&#8221;Cabin Sketch|700||on|||||&#8221; header_text_color=&#8221;#ff7355&#8243; header_font_size=&#8221;20px&#8221; header_letter_spacing=&#8221;5px&#8221; header_line_height=&#8221;1.5em&#8221; text_orientation=&#8221;center&#8221; custom_margin=&#8221;||0px|&#8221; icon_font_size=&#8221;32px&#8221; locked=&#8221;off&#8221; global_colors_info=&#8221;{}&#8221;][\/et_pb_blurb][et_pb_text _builder_version=&#8221;4.27.4&#8243; text_font=&#8221;|500|||||||&#8221; text_font_size=&#8221;16px&#8221; text_line_height=&#8221;2em&#8221; header_font=&#8221;||||||||&#8221; header_2_font=&#8221;Rubik|700|||||||&#8221; header_2_font_size=&#8221;40px&#8221; header_2_line_height=&#8221;1.4em&#8221; header_5_font=&#8221;Rubik|700||on|||||&#8221; header_5_text_color=&#8221;#2b76df&#8221; header_5_letter_spacing=&#8221;5px&#8221; header_5_line_height=&#8221;1.5em&#8221; text_orientation=&#8221;center&#8221; max_width=&#8221;700px&#8221; module_alignment=&#8221;center&#8221; custom_margin=&#8221;|||&#8221; custom_margin_tablet=&#8221;0px|||&#8221; custom_margin_last_edited=&#8221;off|desktop&#8221; hover_enabled=&#8221;0&#8243; text_line_height_last_edited=&#8221;off|desktop&#8221; header_2_font_size_tablet=&#8221;&#8221; header_2_font_size_phone=&#8221;30px&#8221; header_2_font_size_last_edited=&#8221;on|phone&#8221; border_color_all=&#8221;#000000&#8243; global_colors_info=&#8221;{}&#8221; sticky_enabled=&#8221;0&#8243;]<\/p>\n<h3 style=\"text-align: center;\"><span class=\"title\">Sk\u0142ad Rady Rodzic\u00f3w Przedszkola nr 12<br \/><\/span><\/h3>\n<h3 style=\"text-align: center;\"><span class=\"title\">w roku szkolnym 2025 \/ 2026<\/span><\/h3>\n<table style=\"border-collapse: collapse; width: 100%; height: 96px;\" border=\"1\">\n<tbody>\n<tr style=\"height: 24px;\">\n<td style=\"width: 50%; height: 24px; text-align: center;\">Przewodnicz\u0105cy<\/td>\n<td style=\"width: 50%; height: 24px; text-align: center;\">Krzysztof P\u0142onka<\/td>\n<\/tr>\n<tr style=\"height: 24px;\">\n<td style=\"width: 50%; height: 24px; text-align: center;\">Sekretarz<\/td>\n<td style=\"width: 50%; height: 24px; text-align: center;\">Daria\u00a0 Szmelik<\/td>\n<\/tr>\n<tr style=\"height: 24px;\">\n<td style=\"width: 50%; height: 24px; text-align: center;\">Skarbnik<\/td>\n<td style=\"width: 50%; height: 24px; text-align: center;\">Justyna Juniewicz<\/td>\n<\/tr>\n<tr style=\"height: 24px;\">\n<td style=\"width: 50%; height: 24px; text-align: center;\">Komisja Rewizyjna<\/td>\n<td style=\"width: 50%; height: 24px; text-align: center;\">Ewa Pado\u0142, Martyna Kozio\u0142<\/td>\n<\/tr>\n<\/tbody>\n<\/table>\n<p>&nbsp;<\/p>\n<p style=\"text-align: center;\"><strong>Informacja<\/strong><\/p>\n<p style=\"text-align: left;\">Rada Rodzic\u00f3w ustali\u0142a sk\u0142adk\u0119 roczn\u0105 na RR 20 z\u0142 miesi\u0119cznie. Sk\u0142adka na ca\u0142y rok szkolny wynosi 200 z\u0142. Sk\u0142adk\u0119 mo\u017cna wp\u0142aci\u0107 jednorazowo, co p\u00f3\u0142 roku lub miesi\u0119cznie. Sk\u0142adki na RR s\u0105 dobrowolne i mog\u0105 stanowi\u0107 dowoln\u0105 wielokrotno\u015b\u0107 ustalonej kwoty wp\u0142at na RR. RR zbiera sk\u0142adki na konto bankowe. RR ustalaj\u0105c wysoko\u015b\u0107 sk\u0142adki bra\u0142a pod uwag\u0119 ceny artyku\u0142\u00f3w papierniczych i plastycznych, ceny koncert\u00f3w, teatrzyk\u00f3w odwiedzaj\u0105cych przedszkole oraz ca\u0142oroczne potrzeby dzieci wed\u0142ug terminarza wydarze\u0144. Sk\u0142adki p\u0142acone s\u0105 przez rodzic\u00f3w przelewem.<\/p>\n<p style=\"text-align: left;\">Nr konta do wp\u0142aty na RR:<\/p>\n<p style=\"text-align: left;\">Santander Bank 08 1090 1766 0000 0001 3114 9448<\/p>\n<p>[\/et_pb_text][\/et_pb_column][\/et_pb_row][\/et_pb_section]<\/p>\n","protected":false},"excerpt":{"rendered":"<p>Sk\u0142ad Rady Rodzic\u00f3w Przedszkola nr 12 w roku szkolnym 2025 \/ 2026 Przewodnicz\u0105cy Krzysztof P\u0142onka Sekretarz Daria\u00a0 Szmelik Skarbnik Justyna Juniewicz Komisja Rewizyjna Ewa Pado\u0142, Martyna Kozio\u0142 &nbsp; Informacja Rada Rodzic\u00f3w ustali\u0142a sk\u0142adk\u0119 roczn\u0105 na RR 20 z\u0142 miesi\u0119cznie. Sk\u0142adka na ca\u0142y rok szkolny wynosi 200 z\u0142. Sk\u0142adk\u0119 mo\u017cna wp\u0142aci\u0107 jednorazowo, co p\u00f3\u0142 roku lub [&hellip;]<\/p>\n","protected":false},"author":2,"featured_media":0,"parent":0,"menu_order":0,"comment_status":"closed","ping_status":"closed","template":"","meta":{"_et_pb_use_builder":"on","_et_pb_old_content":"","_et_gb_content_width":"","_mc_calendar":[],"footnotes":""},"class_list":["post-430","page","type-page","status-publish","hentry"],"_links":{"self":[{"href":"https:\/\/zsp5.zory.pl\/index.php?rest_route=\/wp\/v2\/pages\/430","targetHints":{"allow":["GET"]}}],"collection":[{"href":"https:\/\/zsp5.zory.pl\/index.php?rest_route=\/wp\/v2\/pages"}],"about":[{"href":"https:\/\/zsp5.zory.pl\/index.php?rest_route=\/wp\/v2\/types\/page"}],"author":[{"embeddable":true,"href":"https:\/\/zsp5.zory.pl\/index.php?rest_route=\/wp\/v2\/users\/2"}],"replies":[{"embeddable":true,"href":"https:\/\/zsp5.zory.pl\/index.php?rest_route=%2Fwp%2Fv2%2Fcomments&post=430"}],"version-history":[{"count":10,"href":"https:\/\/zsp5.zory.pl\/index.php?rest_route=\/wp\/v2\/pages\/430\/revisions"}],"predecessor-version":[{"id":1086719,"href":"https:\/\/zsp5.zory.pl\/index.php?rest_route=\/wp\/v2\/pages\/430\/revisions\/1086719"}],"wp:attachment":[{"href":"https:\/\/zsp5.zory.pl\/index.php?rest_route=%2Fwp%2Fv2%2Fmedia&parent=430"}],"curies":[{"name":"wp","href":"https:\/\/api.w.org\/{rel}","templated":true}]}}

Rada Rodziców

<p>[et_pb_section fb_built=&#8221;1&#8243; admin_label=&#8221;Our Mission&#8221; _builder_version=&#8221;4.16&#8243; use_background_color_gradient=&#8221;on&#8221; background_color_gradient_stops=&#8221;rgba(233,239,243,0) 0%|#e9eff3 100%&#8221; background_color_gradient_start=&#8221;rgba(233,239,243,0)&#8221; background_color_gradient_end=&#8221;#e9eff3&#8243; background_image=&#8221;http://zsp5.zory.pl/wp-content/uploads/2021/11/shapes-bg-color.png&#8221; parallax=&#8221;on&#8221; custom_padding=&#8221;54px|0px|32px|0px|false|false&#8221; global_colors_info=&#8221;{}&#8221;][et_pb_row admin_label=&#8221;Mission Row&#8221; _builder_version=&#8221;4.16&#8243; locked=&#8221;off&#8221; global_colors_info=&#8221;{}&#8221;][et_pb_column type=&#8221;4_4&#8243; _builder_version=&#8221;4.16&#8243; custom_padding=&#8221;|||&#8221; global_colors_info=&#8221;{}&#8221; custom_padding__hover=&#8221;|||&#8221;][et_pb_blurb title=&#8221;uwaga&#8221; use_icon=&#8221;on&#8221; font_icon=&#8221;&#xf0c0;||fa||900&#8243; icon_color=&#8221;#2b76df&#8221; image_icon_width=&#8221;32px&#8221; _builder_version=&#8221;4.16&#8243; header_font=&#8221;Cabin Sketch|700||on|||||&#8221; header_text_color=&#8221;#ff7355&#8243; header_font_size=&#8221;20px&#8221; header_letter_spacing=&#8221;5px&#8221; header_line_height=&#8221;1.5em&#8221; text_orientation=&#8221;center&#8221; custom_margin=&#8221;||0px|&#8221; icon_font_size=&#8221;32px&#8221; locked=&#8221;off&#8221; global_colors_info=&#8221;{}&#8221;][/et_pb_blurb][et_pb_text _builder_version=&#8221;4.27.4&#8243; text_font=&#8221;|500|||||||&#8221; text_font_size=&#8221;16px&#8221; text_line_height=&#8221;2em&#8221; header_font=&#8221;||||||||&#8221; header_2_font=&#8221;Rubik|700|||||||&#8221; header_2_font_size=&#8221;40px&#8221; header_2_line_height=&#8221;1.4em&#8221; header_5_font=&#8221;Rubik|700||on|||||&#8221; header_5_text_color=&#8221;#2b76df&#8221; header_5_letter_spacing=&#8221;5px&#8221; header_5_line_height=&#8221;1.5em&#8221; text_orientation=&#8221;center&#8221; max_width=&#8221;700px&#8221; module_alignment=&#8221;center&#8221; custom_margin=&#8221;|||&#8221; custom_margin_tablet=&#8221;0px|||&#8221; custom_margin_last_edited=&#8221;off|desktop&#8221; hover_enabled=&#8221;0&#8243; text_line_height_last_edited=&#8221;off|desktop&#8221; header_2_font_size_tablet=&#8221;&#8221; header_2_font_size_phone=&#8221;30px&#8221; header_2_font_size_last_edited=&#8221;on|phone&#8221; border_color_all=&#8221;#000000&#8243; global_colors_info=&#8221;{}&#8221; sticky_enabled=&#8221;0&#8243;]</p>
<h3 style="text-align: center;"><span class="title">Skład Rady Rodziców Przedszkola nr 12<br /></span></h3>
<h3 style="text-align: center;"><span class="title">w roku szkolnym 2025 / 2026</span></h3>
<table style="border-collapse: collapse; width: 100%; height: 96px;" border="1">
<tbody>
<tr style="height: 24px;">
<td style="width: 50%; height: 24px; text-align: center;">Przewodniczący</td>
<td style="width: 50%; height: 24px; text-align: center;">Krzysztof Płonka</td>
</tr>
<tr style="height: 24px;">
<td style="width: 50%; height: 24px; text-align: center;">Sekretarz</td>
<td style="width: 50%; height: 24px; text-align: center;">Daria  Szmelik</td>
</tr>
<tr style="height: 24px;">
<td style="width: 50%; height: 24px; text-align: center;">Skarbnik</td>
<td style="width: 50%; height: 24px; text-align: center;">Justyna Juniewicz</td>
</tr>
<tr style="height: 24px;">
<td style="width: 50%; height: 24px; text-align: center;">Komisja Rewizyjna</td>
<td style="width: 50%; height: 24px; text-align: center;">Ewa Padoł, Martyna Kozioł</td>
</tr>
</tbody>
</table>
<p>&nbsp;</p>
<p style="text-align: center;"><strong>Informacja</strong></p>
<p style="text-align: left;">Rada Rodziców ustaliła składkę roczną na RR 20 zł miesięcznie. Składka na cały rok szkolny wynosi 200 zł. Składkę można wpłacić jednorazowo, co pół roku lub miesięcznie. Składki na RR są dobrowolne i mogą stanowić dowolną wielokrotność ustalonej kwoty wpłat na RR. RR zbiera składki na konto bankowe. RR ustalając wysokość składki brała pod uwagę ceny artykułów papierniczych i plastycznych, ceny koncertów, teatrzyków odwiedzających przedszkole oraz całoroczne potrzeby dzieci według terminarza wydarzeń. Składki płacone są przez rodziców przelewem.</p>
<p style="text-align: left;">Nr konta do wpłaty na RR:</p>
<p style="text-align: left;">Santander Bank 08 1090 1766 0000 0001 3114 9448</p>
<p>[/et_pb_text][/et_pb_column][/et_pb_row][/et_pb_section]</p>

<p>Skład Rady Rodziców Przedszkola nr 12 w roku szkolnym 2025 / 2026 Przewodniczący Krzysztof Płonka Sekretarz Daria  Szmelik Skarbnik Justyna Juniewicz Komisja Rewizyjna Ewa Padoł, Martyna Kozioł &nbsp; Informacja Rada Rodziców ustaliła składkę roczną na RR 20 zł miesięcznie. Składka na cały rok szkolny wynosi 200 zł. Składkę można wpłacić jednorazowo, co pół roku lub [&hellip;]</p>
