{"id":426,"date":"2021-08-06T18:04:31","date_gmt":"2021-08-06T16:04:31","guid":{"rendered":"http:\/\/185.242.132.144\/?page_id=426"},"modified":"2025-10-27T13:10:53","modified_gmt":"2025-10-27T12:10:53","slug":"oplaty","status":"publish","type":"page","link":"https:\/\/zsp5.zory.pl\/?page_id=426","title":{"rendered":"Op\u0142aty"},"content":{"rendered":"<p>[et_pb_section fb_built=&#8221;1&#8243; admin_label=&#8221;Our Mission&#8221; _builder_version=&#8221;4.16&#8243; use_background_color_gradient=&#8221;on&#8221; background_color_gradient_stops=&#8221;rgba(233,239,243,0) 0%|#e9eff3 100%&#8221; background_color_gradient_start=&#8221;rgba(233,239,243,0)&#8221; background_color_gradient_end=&#8221;#e9eff3&#8243; background_image=&#8221;http:\/\/zsp5.zory.pl\/wp-content\/uploads\/2021\/11\/shapes-bg-color.png&#8221; parallax=&#8221;on&#8221; custom_padding=&#8221;54px|0px|32px|0px|false|false&#8221; global_colors_info=&#8221;{}&#8221;][et_pb_row admin_label=&#8221;Mission Row&#8221; _builder_version=&#8221;4.16&#8243; locked=&#8221;off&#8221; global_colors_info=&#8221;{}&#8221;][et_pb_column type=&#8221;4_4&#8243; _builder_version=&#8221;4.16&#8243; custom_padding=&#8221;|||&#8221; global_colors_info=&#8221;{}&#8221; custom_padding__hover=&#8221;|||&#8221;][et_pb_blurb title=&#8221;uwaga&#8221; use_icon=&#8221;on&#8221; font_icon=&#8221;&#xf0d6;||fa||900&#8243; icon_color=&#8221;#2b76df&#8221; image_icon_width=&#8221;32px&#8221; _builder_version=&#8221;4.16&#8243; header_font=&#8221;Cabin Sketch|700||on|||||&#8221; header_text_color=&#8221;#ff7355&#8243; header_font_size=&#8221;20px&#8221; header_letter_spacing=&#8221;5px&#8221; header_line_height=&#8221;1.5em&#8221; text_orientation=&#8221;center&#8221; custom_margin=&#8221;||0px|&#8221; icon_font_size=&#8221;32px&#8221; locked=&#8221;off&#8221; global_colors_info=&#8221;{}&#8221;][\/et_pb_blurb][et_pb_text _builder_version=&#8221;4.27.4&#8243; text_font=&#8221;|500|||||||&#8221; text_font_size=&#8221;16px&#8221; text_line_height=&#8221;2em&#8221; header_font=&#8221;||||||||&#8221; header_2_font=&#8221;Rubik|700|||||||&#8221; header_2_font_size=&#8221;40px&#8221; header_2_line_height=&#8221;1.4em&#8221; header_5_font=&#8221;Rubik|700||on|||||&#8221; header_5_text_color=&#8221;#2b76df&#8221; header_5_letter_spacing=&#8221;5px&#8221; header_5_line_height=&#8221;1.5em&#8221; text_orientation=&#8221;center&#8221; max_width=&#8221;700px&#8221; module_alignment=&#8221;center&#8221; custom_margin=&#8221;|||&#8221; custom_margin_tablet=&#8221;0px|||&#8221; custom_margin_last_edited=&#8221;off|desktop&#8221; hover_enabled=&#8221;0&#8243; text_line_height_last_edited=&#8221;off|desktop&#8221; header_2_font_size_tablet=&#8221;&#8221; header_2_font_size_phone=&#8221;30px&#8221; header_2_font_size_last_edited=&#8221;on|phone&#8221; global_colors_info=&#8221;{}&#8221; sticky_enabled=&#8221;0&#8243;]<\/p>\n<p align=\"justify\">Op\u0142ata za pobyt dziecka w przedszkolu winna by\u0107 uiszczana na indywidualny rachunek bankowy z dok\u0142adno\u015bci\u0105 co do grosza. Rozliczenie op\u0142at za us\u0142ugi przedszkola jest przesy\u0142ane drog\u0105 elektroniczn\u0105 na wskazany przez rodzica (prawnego opiekuna) adres e-mail.<\/p>\n<p align=\"justify\">Osoba do kontaktu w sprawie rozlicze\u0144 \u2013 p. Ma\u0142gorzata Kitka .<\/p>\n<p style=\"text-align: justify;\"><strong>Wysoko\u015b\u0107 dziennej stawki \u017cywieniowej w przedszkolu uzale\u017cniona jest od liczby spo\u017cywanych posi\u0142k\u00f3w i wynosi:<\/strong><\/p>\n<ul style=\"text-align: justify;\">\n<li style=\"text-align: justify;\"><strong>za \u015bniadanie 2,50 z\u0142\u00a0<\/strong><\/li>\n<li style=\"text-align: justify;\"><strong>za obiad\u00a0 5,00\u00a0z\u0142<\/strong><\/li>\n<li style=\"text-align: justify;\"><strong>za podwieczorek \u00a02,50\u00a0z\u0142<\/strong><\/li>\n<li style=\"text-align: justify;\"><strong>RAZEM: 10,00 z\u0142<\/strong><\/li>\n<\/ul>\n<p style=\"text-align: justify;\"><strong>Nieodp\u0142atna realizacja 5-cio godzinnej podstawy programowej.<br \/><\/strong><\/p>\n<p style=\"text-align: justify;\">Op\u0142ata za \u015bwiadczenia w zakresie przekraczaj\u0105cym realizacj\u0119 podstawy programowej wychowania przedszkolnego wynosi 1,44 z\u0142 za ka\u017cd\u0105 rozpocz\u0119t\u0105 godzin\u0119.<\/p>\n<p style=\"text-align: justify;\"><strong>Op\u0142at\u0119 za pobyt dziecka w przedszkolu ustala si\u0119 na podstawie dni obecno\u015bci dziecka.<\/strong><\/p>\n<p style=\"text-align: justify;\">Nale\u017cno\u015b\u0107 za pobyt w przedszkolu p\u0142atna jest do\u00a0<strong>15-tego<\/strong>\u00a0ka\u017cdego miesi\u0105ca przelewem na indywidualny rachunek bankowy. W przypadku nieuregulowania nale\u017cno\u015bci za pobyt dziecka w przedszkolu we wskazanym terminie, naliczane b\u0119d\u0105 odsetki ustawowe za ka\u017cdy dzie\u0144 zw\u0142oki w zap\u0142acie.<\/p>\n<p style=\"text-align: justify;\"><strong>&#8222;Op\u0142aty nale\u017cy dokona\u0107 na indywidualne konto przypisane do danego dziecka&#8221;<\/strong><\/p>\n<p style=\"text-align: justify;\">(aktualizacja 01.09.2025 r.)<\/p>\n<p>[\/et_pb_text][\/et_pb_column][\/et_pb_row][\/et_pb_section]<\/p>\n","protected":false},"excerpt":{"rendered":"<p>Op\u0142ata za pobyt dziecka w przedszkolu winna by\u0107 uiszczana na indywidualny rachunek bankowy z dok\u0142adno\u015bci\u0105 co do grosza. Rozliczenie op\u0142at za us\u0142ugi przedszkola jest przesy\u0142ane drog\u0105 elektroniczn\u0105 na wskazany przez rodzica (prawnego opiekuna) adres e-mail. Osoba do kontaktu w sprawie rozlicze\u0144 \u2013 p. Ma\u0142gorzata Kitka . Wysoko\u015b\u0107 dziennej stawki \u017cywieniowej w przedszkolu uzale\u017cniona jest od [&hellip;]<\/p>\n","protected":false},"author":2,"featured_media":0,"parent":0,"menu_order":0,"comment_status":"closed","ping_status":"closed","template":"","meta":{"_et_pb_use_builder":"on","_et_pb_old_content":"","_et_gb_content_width":"","_mc_calendar":[],"footnotes":""},"class_list":["post-426","page","type-page","status-publish","hentry"],"_links":{"self":[{"href":"https:\/\/zsp5.zory.pl\/index.php?rest_route=\/wp\/v2\/pages\/426","targetHints":{"allow":["GET"]}}],"collection":[{"href":"https:\/\/zsp5.zory.pl\/index.php?rest_route=\/wp\/v2\/pages"}],"about":[{"href":"https:\/\/zsp5.zory.pl\/index.php?rest_route=\/wp\/v2\/types\/page"}],"author":[{"embeddable":true,"href":"https:\/\/zsp5.zory.pl\/index.php?rest_route=\/wp\/v2\/users\/2"}],"replies":[{"embeddable":true,"href":"https:\/\/zsp5.zory.pl\/index.php?rest_route=%2Fwp%2Fv2%2Fcomments&post=426"}],"version-history":[{"count":11,"href":"https:\/\/zsp5.zory.pl\/index.php?rest_route=\/wp\/v2\/pages\/426\/revisions"}],"predecessor-version":[{"id":1086717,"href":"https:\/\/zsp5.zory.pl\/index.php?rest_route=\/wp\/v2\/pages\/426\/revisions\/1086717"}],"wp:attachment":[{"href":"https:\/\/zsp5.zory.pl\/index.php?rest_route=%2Fwp%2Fv2%2Fmedia&parent=426"}],"curies":[{"name":"wp","href":"https:\/\/api.w.org\/{rel}","templated":true}]}}

Opłaty

<p>[et_pb_section fb_built=&#8221;1&#8243; admin_label=&#8221;Our Mission&#8221; _builder_version=&#8221;4.16&#8243; use_background_color_gradient=&#8221;on&#8221; background_color_gradient_stops=&#8221;rgba(233,239,243,0) 0%|#e9eff3 100%&#8221; background_color_gradient_start=&#8221;rgba(233,239,243,0)&#8221; background_color_gradient_end=&#8221;#e9eff3&#8243; background_image=&#8221;http://zsp5.zory.pl/wp-content/uploads/2021/11/shapes-bg-color.png&#8221; parallax=&#8221;on&#8221; custom_padding=&#8221;54px|0px|32px|0px|false|false&#8221; global_colors_info=&#8221;{}&#8221;][et_pb_row admin_label=&#8221;Mission Row&#8221; _builder_version=&#8221;4.16&#8243; locked=&#8221;off&#8221; global_colors_info=&#8221;{}&#8221;][et_pb_column type=&#8221;4_4&#8243; _builder_version=&#8221;4.16&#8243; custom_padding=&#8221;|||&#8221; global_colors_info=&#8221;{}&#8221; custom_padding__hover=&#8221;|||&#8221;][et_pb_blurb title=&#8221;uwaga&#8221; use_icon=&#8221;on&#8221; font_icon=&#8221;&#xf0d6;||fa||900&#8243; icon_color=&#8221;#2b76df&#8221; image_icon_width=&#8221;32px&#8221; _builder_version=&#8221;4.16&#8243; header_font=&#8221;Cabin Sketch|700||on|||||&#8221; header_text_color=&#8221;#ff7355&#8243; header_font_size=&#8221;20px&#8221; header_letter_spacing=&#8221;5px&#8221; header_line_height=&#8221;1.5em&#8221; text_orientation=&#8221;center&#8221; custom_margin=&#8221;||0px|&#8221; icon_font_size=&#8221;32px&#8221; locked=&#8221;off&#8221; global_colors_info=&#8221;{}&#8221;][/et_pb_blurb][et_pb_text _builder_version=&#8221;4.27.4&#8243; text_font=&#8221;|500|||||||&#8221; text_font_size=&#8221;16px&#8221; text_line_height=&#8221;2em&#8221; header_font=&#8221;||||||||&#8221; header_2_font=&#8221;Rubik|700|||||||&#8221; header_2_font_size=&#8221;40px&#8221; header_2_line_height=&#8221;1.4em&#8221; header_5_font=&#8221;Rubik|700||on|||||&#8221; header_5_text_color=&#8221;#2b76df&#8221; header_5_letter_spacing=&#8221;5px&#8221; header_5_line_height=&#8221;1.5em&#8221; text_orientation=&#8221;center&#8221; max_width=&#8221;700px&#8221; module_alignment=&#8221;center&#8221; custom_margin=&#8221;|||&#8221; custom_margin_tablet=&#8221;0px|||&#8221; custom_margin_last_edited=&#8221;off|desktop&#8221; hover_enabled=&#8221;0&#8243; text_line_height_last_edited=&#8221;off|desktop&#8221; header_2_font_size_tablet=&#8221;&#8221; header_2_font_size_phone=&#8221;30px&#8221; header_2_font_size_last_edited=&#8221;on|phone&#8221; global_colors_info=&#8221;{}&#8221; sticky_enabled=&#8221;0&#8243;]</p>
<p align="justify">Opłata za pobyt dziecka w przedszkolu winna być uiszczana na indywidualny rachunek bankowy z dokładnością co do grosza. Rozliczenie opłat za usługi przedszkola jest przesyłane drogą elektroniczną na wskazany przez rodzica (prawnego opiekuna) adres e-mail.</p>
<p align="justify">Osoba do kontaktu w sprawie rozliczeń – p. Małgorzata Kitka .</p>
<p style="text-align: justify;"><strong>Wysokość dziennej stawki żywieniowej w przedszkolu uzależniona jest od liczby spożywanych posiłków i wynosi:</strong></p>
<ul style="text-align: justify;">
<li style="text-align: justify;"><strong>za śniadanie 2,50 zł </strong></li>
<li style="text-align: justify;"><strong>za obiad  5,00 zł</strong></li>
<li style="text-align: justify;"><strong>za podwieczorek  2,50 zł</strong></li>
<li style="text-align: justify;"><strong>RAZEM: 10,00 zł</strong></li>
</ul>
<p style="text-align: justify;"><strong>Nieodpłatna realizacja 5-cio godzinnej podstawy programowej.<br /></strong></p>
<p style="text-align: justify;">Opłata za świadczenia w zakresie przekraczającym realizację podstawy programowej wychowania przedszkolnego wynosi 1,44 zł za każdą rozpoczętą godzinę.</p>
<p style="text-align: justify;"><strong>Opłatę za pobyt dziecka w przedszkolu ustala się na podstawie dni obecności dziecka.</strong></p>
<p style="text-align: justify;">Należność za pobyt w przedszkolu płatna jest do <strong>15-tego</strong> każdego miesiąca przelewem na indywidualny rachunek bankowy. W przypadku nieuregulowania należności za pobyt dziecka w przedszkolu we wskazanym terminie, naliczane będą odsetki ustawowe za każdy dzień zwłoki w zapłacie.</p>
<p style="text-align: justify;"><strong>&#8222;Opłaty należy dokonać na indywidualne konto przypisane do danego dziecka&#8221;</strong></p>
<p style="text-align: justify;">(aktualizacja 01.09.2025 r.)</p>
<p>[/et_pb_text][/et_pb_column][/et_pb_row][/et_pb_section]</p>

<p>Opłata za pobyt dziecka w przedszkolu winna być uiszczana na indywidualny rachunek bankowy z dokładnością co do grosza. Rozliczenie opłat za usługi przedszkola jest przesyłane drogą elektroniczną na wskazany przez rodzica (prawnego opiekuna) adres e-mail. Osoba do kontaktu w sprawie rozliczeń – p. Małgorzata Kitka . Wysokość dziennej stawki żywieniowej w przedszkolu uzależniona jest od [&hellip;]</p>
