{"id":1084794,"date":"2024-02-24T12:21:53","date_gmt":"2024-02-24T11:21:53","guid":{"rendered":"https:\/\/zsp5.zory.pl\/?page_id=1084794"},"modified":"2024-05-15T12:35:49","modified_gmt":"2024-05-15T10:35:49","slug":"granty-2","status":"publish","type":"page","link":"https:\/\/zsp5.zory.pl\/?page_id=1084794","title":{"rendered":"Granty"},"content":{"rendered":"<p>[et_pb_section fb_built=&#8221;1&#8243; fullwidth=&#8221;on&#8221; _builder_version=&#8221;4.22.2&#8243; _module_preset=&#8221;default&#8221; global_colors_info=&#8221;{}&#8221;][et_pb_fullwidth_header title=&#8221;GRANTY&#8221; subhead=&#8221;Zespo\u0142u Szkolno &#8211; Przedszkolnego nr 5 w \u017borach&#8221; header_image_url=&#8221;http:\/\/zsp5.zory.pl\/wp-content\/uploads\/2024\/02\/GRANTY2-e1708776496234.png&#8221; _builder_version=&#8221;4.22.2&#8243; _module_preset=&#8221;default&#8221; title_font=&#8221;|800|||||||&#8221; subhead_font=&#8221;|700||on|||||&#8221; subhead_font_size=&#8221;17px&#8221; background_color=&#8221;#0e67a3&#8243; background_enable_image=&#8221;off&#8221; custom_padding=&#8221;0px||0px|||&#8221; global_colors_info=&#8221;{}&#8221;]<\/p>\n<p><span>Zestaw bie\u017c\u0105cych informacji o grantach, konkursach, dotacjach og\u00f3lnopolskich oraz lokalnych.<\/span><\/p>\n<p><span>Zapraszamy do zapoznania si\u0119 z dzia\u0142aniami, kt\u00f3re s\u0105 mo\u017cliwe do przeprowadzenia dzi\u0119ki wspraciu naszych fundator\u00f3w.<\/span><\/p>\n<p>[\/et_pb_fullwidth_header][\/et_pb_section][et_pb_section fb_built=&#8221;1&#8243; _builder_version=&#8221;4.22.2&#8243; _module_preset=&#8221;default&#8221; custom_padding=&#8221;||54px|||&#8221; global_colors_info=&#8221;{}&#8221;][et_pb_row column_structure=&#8221;1_4,3_4&#8243; _builder_version=&#8221;4.22.2&#8243; _module_preset=&#8221;default&#8221; global_colors_info=&#8221;{}&#8221;][et_pb_column type=&#8221;1_4&#8243; _builder_version=&#8221;4.22.2&#8243; _module_preset=&#8221;default&#8221; global_colors_info=&#8221;{}&#8221;][et_pb_menu menu_id=&#8221;427&#8243; submenu_direction=&#8221;downwards&#8221; search_icon_color=&#8221;RGBA(255,255,255,0)&#8221; _builder_version=&#8221;4.22.2&#8243; _module_preset=&#8221;default&#8221; menu_font=&#8221;|800|||||||&#8221; menu_text_color=&#8221;#0C71C3&#8243; menu_font_size=&#8221;19px&#8221; menu_line_height=&#8221;1.2em&#8221; global_colors_info=&#8221;{}&#8221;][\/et_pb_menu][\/et_pb_column][et_pb_column type=&#8221;3_4&#8243; _builder_version=&#8221;4.22.2&#8243; _module_preset=&#8221;default&#8221; global_colors_info=&#8221;{}&#8221;][et_pb_blog include_categories=&#8221;430,429&#8243; show_thumbnail=&#8221;off&#8221; show_content=&#8221;on&#8221; show_author=&#8221;off&#8221; show_categories=&#8221;off&#8221; _builder_version=&#8221;4.22.2&#8243; _module_preset=&#8221;default&#8221; header_font=&#8221;|800||on|||||&#8221; header_text_color=&#8221;#0C71C3&#8243; hover_enabled=&#8221;0&#8243; global_colors_info=&#8221;{}&#8221; sticky_enabled=&#8221;0&#8243;][\/et_pb_blog][\/et_pb_column][\/et_pb_row][\/et_pb_section]<\/p>\n","protected":false},"excerpt":{"rendered":"<p>Zestaw bie\u017c\u0105cych informacji o grantach, konkursach, dotacjach og\u00f3lnopolskich oraz lokalnych. Zapraszamy do zapoznania si\u0119 z dzia\u0142aniami, kt\u00f3re s\u0105 mo\u017cliwe do przeprowadzenia dzi\u0119ki wspraciu naszych fundator\u00f3w.<\/p>\n","protected":false},"author":2,"featured_media":0,"parent":0,"menu_order":0,"comment_status":"closed","ping_status":"closed","template":"","meta":{"_et_pb_use_builder":"on","_et_pb_old_content":"","_et_gb_content_width":"","_mc_calendar":[],"footnotes":""},"class_list":["post-1084794","page","type-page","status-publish","hentry"],"_links":{"self":[{"href":"https:\/\/zsp5.zory.pl\/index.php?rest_route=\/wp\/v2\/pages\/1084794","targetHints":{"allow":["GET"]}}],"collection":[{"href":"https:\/\/zsp5.zory.pl\/index.php?rest_route=\/wp\/v2\/pages"}],"about":[{"href":"https:\/\/zsp5.zory.pl\/index.php?rest_route=\/wp\/v2\/types\/page"}],"author":[{"embeddable":true,"href":"https:\/\/zsp5.zory.pl\/index.php?rest_route=\/wp\/v2\/users\/2"}],"replies":[{"embeddable":true,"href":"https:\/\/zsp5.zory.pl\/index.php?rest_route=%2Fwp%2Fv2%2Fcomments&post=1084794"}],"version-history":[{"count":11,"href":"https:\/\/zsp5.zory.pl\/index.php?rest_route=\/wp\/v2\/pages\/1084794\/revisions"}],"predecessor-version":[{"id":1085140,"href":"https:\/\/zsp5.zory.pl\/index.php?rest_route=\/wp\/v2\/pages\/1084794\/revisions\/1085140"}],"wp:attachment":[{"href":"https:\/\/zsp5.zory.pl\/index.php?rest_route=%2Fwp%2Fv2%2Fmedia&parent=1084794"}],"curies":[{"name":"wp","href":"https:\/\/api.w.org\/{rel}","templated":true}]}}